{"id":506,"date":"2017-03-23T12:25:19","date_gmt":"2017-03-23T12:25:19","guid":{"rendered":"http:\/\/www.karzo.sk\/?page_id=506"},"modified":"2018-05-22T13:04:46","modified_gmt":"2018-05-22T13:04:46","slug":"obchodne-podmienky","status":"publish","type":"page","link":"https:\/\/www.karzo.sk\/?page_id=506","title":{"rendered":"Obchodn\u00e9 podmienky"},"content":{"rendered":"<p><strong>V\u0161eobecn\u00e9 obchodn\u00e9 podmienky\u00a0 (VOP)<\/strong><\/p>\n<p>&nbsp;<\/p>\n<p><strong>KARZOSPOL s.r.o.<\/strong><\/p>\n<p><strong>I\u010cO: 34 153 136 <\/strong><\/p>\n<p><strong>so s\u00eddlom Radlinsk\u00e9ho 1559\/25, Pie\u0161\u0165any, PS\u010c 921 01<\/strong><\/p>\n<p><strong>Spolo\u010dnos\u0165 zap\u00edsan\u00e1 v Obchodnom registri Okresn\u00e9ho s\u00fadu Trnava<\/strong><\/p>\n<p><strong>Konate\u013e spolo\u010dnosti Zolt\u00e1n Karp\u00e1ty (\u010falej len poskytovate\u013e)<\/strong><\/p>\n<p><strong><u><\/p>\n<p><\/u><\/strong><\/p>\n<p><strong>\u00davod<\/strong><\/p>\n<p>&nbsp;<\/p>\n<p>Dom\u00e9na <a href=\"http:\/\/www.karzo.sk\/\">www.karzo.sk<\/a> je ur\u010den\u00e1 z\u00e1kazn\u00edkom \u0161portov\u00e9ho tovaru. Sl\u00fa\u017ei ako zdroj inform\u00e1ci\u00ed o tovare nach\u00e1dzaj\u00facom sa v portf\u00f3liu firmy KARZOSPOL s.r.o. Je mo\u017en\u00e9 pou\u017ei\u0165 kontaktn\u00fd formul\u00e1r tak na dopyt, ako aj objednanie tovaru.<\/p>\n<p>&nbsp;<\/p>\n<p><strong>Z\u00e1kladn\u00e9 ustanovenia<\/strong><\/p>\n<p>Tieto V\u0161eobecn\u00e9 obchodn\u00e9 podmienky (\u010falej len \u201eVOP\u201c) upravuj\u00fa vz\u0165ahy pri poskytovan\u00ed slu\u017eieb a dod\u00e1vke tovaru medzi poskytovate\u013eom slu\u017eieb \u2013 pred\u00e1vaj\u00facim (\u010falej len \u201epred\u00e1vaj\u00faci\u201c) a z\u00e1kazn\u00edkom \u2013 kupuj\u00facim (\u010falej len \u201ez\u00e1kazn\u00edk\u201c)a s\u00fa z\u00e1v\u00e4zn\u00e9 pre dan\u00fd obchodn\u00fd styk.<\/p>\n<p>Odoslan\u00edm objedn\u00e1vky prostredn\u00edctvom internetov\u00e9ho e-mailov\u00e9ho formul\u00e1ra na dod\u00e1vku tovaru, resp. slu\u017eieb, potvrdzuje osoba, ktor\u00e1 tak urobila, \u017ee je s t\u00fdmito VOP uzrozumen\u00e1, vyjadruje svoj s\u00fahlas s ich znen\u00edm, a \u017ee ich v celom rozsahu akceptuje.<\/p>\n<p>Aktu\u00e1lne platn\u00e9 znenie VOP je zverejnen\u00e9 v\u017edy na ofici\u00e1lnej internetovej str\u00e1nke pred\u00e1vaj\u00faceho.<\/p>\n<p>&nbsp;<\/p>\n<p><strong>Vymedzenie pojmov<\/strong><\/p>\n<ul>\n<li><strong><u>Pred\u00e1vaj\u00faci<\/u><\/strong><strong> \u2013 <\/strong>prev\u00e1dzkovate\u013e dom\u00e9ny <a href=\"http:\/\/www.karzo.sk\/\">karzo.sk<\/a><\/li>\n<li><strong><u>Z\u00e1kazn\u00edk<\/u><\/strong> \u2013 fyzick\u00e1 alebo pr\u00e1vnick\u00e1 osoba, ktor\u00e1 vst\u00fapila do obchodn\u00e9ho vz\u0165ahu s pred\u00e1vaj\u00facim na z\u00e1klade predlo\u017eenej objedn\u00e1vky.<\/li>\n<li><strong><u>Produkty \u2013 tovar, slu\u017eby<\/u><\/strong> v ponuke na <a href=\"http:\/\/www.karzo.sk\/\">karzo.sk<\/a><\/li>\n<li><strong><u>Pre uzavretie zmluvy<\/u><\/strong> pod\u013ea t\u00fdchto VOP m\u00f4\u017eu by\u0165 pou\u017eit\u00e9 prostriedky komunik\u00e1cie na dia\u013eku, ktor\u00e9 umo\u017e\u0148uj\u00fa uzavrie\u0165 zmluvu bez s\u00fa\u010dasnej fyzickej pr\u00edtomnosti zmluvn\u00fdch str\u00e1n.<\/li>\n<li><strong><u>Uzavretie obchodn\u00e9ho vz\u0165ahu<\/u><\/strong> je v\u017edy podmienen\u00e9 prijat\u00edm objedn\u00e1vky od z\u00e1kazn\u00edka pred\u00e1vaj\u00facim a jej n\u00e1sledn\u00fdm potvrden\u00edm.<\/li>\n<li><strong><u>Objedn\u00e1vka<\/u><\/strong> \u2013 jej predlo\u017eenie je mo\u017en\u00e9 realizova\u0165 prostredn\u00edctvom kontaktn\u00e9ho formul\u00e1ra nach\u00e1dzaj\u00faceho sa na <a href=\"http:\/\/www.karzo.sk\/\">karzo.sk<\/a>, alebo e-mailom: <a href=\"mailto:karzospol@karzo.sk\">karzospol@karzo.sk<\/a>. Z\u00e1rove\u0148 je potrebn\u00e9 uvies\u0165 z\u00e1kladn\u00e9 \u00fadaje pre dodanie tovaru (n\u00e1zov spolo\u010dnosti, resp. fyzickej osoby, s\u00eddlo spolo\u010dnosti \u2013 ulica a \u010d\u00edslo, obec, mesto a PS\u010c, I\u010cO, DI\u010c, I\u010c DPH \u2013 ak ste\u00a0 pl\u00e1tcom DPH, kontaktn\u00e1 osoba, telefonick\u00fd kontakt pre doru\u010denie, pr\u00edp. adresu doru\u010dnia, pokia\u013e nie je toto\u017en\u00e1 so s\u00eddlom spolo\u010dnosti.<\/li>\n<li><strong><u>Storno objedn\u00e1vky<\/u><\/strong> \u2013 z\u00e1kazn\u00edk m\u00e1 pr\u00e1vo stornova\u0165 objedn\u00e1vku bez udania d\u00f4vodu v pr\u00edpade, \u017ee pred\u00e1vaj\u00faci nespln\u00ed dohodnut\u00e9 podmienky dodania tovaru, zaslan\u00e9 pred\u00e1vaj\u00facim e-mailovou potvrdzuj\u00facou spr\u00e1vou.<\/li>\n<\/ul>\n<p>&nbsp;<\/p>\n<p><strong>Dodacie podmienky<\/strong><\/p>\n<p>&nbsp;<\/p>\n<p><strong><u>Pred\u00e1vaj\u00faci si vyhradzuje pr\u00e1vo zru\u0161i\u0165 objedn\u00e1vku<\/u><\/strong>, alebo jej \u010das\u0165 v pr\u00edpade, ak sa tovar u\u017e nevyr\u00e1ba alebo nedod\u00e1va, alebo sa v\u00fdrazn\u00fdm sp\u00f4sobom zmenila jeho cena. V takom pr\u00edpadu bude neodkladne informova\u0165 z\u00e1kazn\u00edka za \u00fa\u010delom dohodnutia \u010fal\u0161ieho postupu. V pr\u00edpade, \u017ee z\u00e1kazn\u00edk u\u017e zaplatil \u010das\u0165 alebo cel\u00fa sumu k\u00fapnej ceny vopred, bude mu t\u00e1to \u010diastka obratom preveden\u00e1 na jeho \u00fa\u010det alebo zaslan\u00e1 na adresu.<\/p>\n<p><strong><u>K\u00fapna cena a z\u013eavy<\/u><\/strong>\u00a0 &#8211; ceny s\u00fa uveden\u00e9 na web-str\u00e1nke <a href=\"http:\/\/www.karzo.sk\/\">www.karzo.sk<\/a>. <u>Ceny s\u00fa bez DPH.<\/u> Z\u013eavy z k\u00fapnej ceny je mo\u017en\u00e9 poskytn\u00fa\u0165 na z\u00e1klade osobnej dohody medzi pred\u00e1vaj\u00facim a z\u00e1kazn\u00edkom. Pr\u00edpadn\u00e9 z\u013eavy sa stanovuj\u00fa pod\u013ea jednotliv\u00fdch kateg\u00f3ri\u00ed tovaru.<\/p>\n<p><strong><u>Doba dodania<\/u><\/strong>\u00a0 &#8211; dodanie objednan\u00e9ho tovaru bude realizovan\u00e9 v \u010do najkrat\u0161om term\u00edne, pod\u013ea dostupnosti tovaru na sklade a prev\u00e1dzkov\u00fdch mo\u017enost\u00ed pred\u00e1vaj\u00faceho.<\/p>\n<p><strong><u>Obvykl\u00e1 doba dodania je<\/u><\/strong>:<\/p>\n<p>a)1 \u2013 2 dni od objednania tovaru (plat\u00ed pri tovare, ktor\u00fd je na sklade)<\/p>\n<p>b)7 \u2013 10 dn\u00ed od objednania tovaru (plat\u00ed pri tovare, ktor\u00fd je na externom sklade)<\/p>\n<ol>\n<li>c) viac ako 10 dn\u00ed od objednania tovaru (pri \u0161pecifickom tovare) \u2013 o dlh\u0161ej dodacej dobe ako 10 dn\u00ed bude pred\u00e1vaj\u00faci kupuj\u00faceho vopred informova\u0165<\/li>\n<\/ol>\n<p><strong><u>Miesto dodania<\/u><\/strong> &#8211; miesto dodania tovaru je stanoven\u00e9 z\u00e1kazn\u00edkom pri objedn\u00e1van\u00ed tovaru. Pri odosielan\u00ed objedn\u00e1vky si m\u00f4\u017ee z\u00e1kazn\u00edk zvoli\u0165 ako miesto dodania tovaru bu\u010f faktura\u010dn\u00fa adresu, alebo m\u00f4\u017ee zada\u0165 celkom in\u00fa dodaciu adresu.<\/p>\n<p><strong><u>Sp\u00f4sob dodania<\/u><\/strong> &#8211; tovar je mo\u017en\u00e9 doda\u0165 nasledovn\u00fdmi sp\u00f4sobmi, pri\u010dom sp\u00f4sob dodania si z\u00e1kazn\u00edk zvol\u00ed pri odosielan\u00ed objedn\u00e1vky:<\/p>\n<ol>\n<li>kuri\u00e9rom \u2013 prepravnou slu\u017ebou UPS \u2013 najbe\u017enej\u0161\u00ed a naj\u010dastej\u0161\u00ed sp\u00f4sob zasielania tovaru (kuri\u00e9rska spolo\u010dnos\u0165 UPS doru\u010duje bal\u00edky do 24 hod\u00edn od ich odoslania v r\u00e1mci SR)<\/li>\n<li>slovenskou po\u0161tou \u2013 t\u00fdmto sp\u00f4sobom je mo\u017en\u00e9 zasla\u0165 len mal\u00e9 (hlavne listov\u00e9) z\u00e1sielky<\/li>\n<li>vlastn\u00fd odber \u2013 z\u00e1kazn\u00edk si tovar vyzdvihne osobne na adrese s\u00eddla pred\u00e1vaj\u00faceho vo vopred dohodnutom \u010dase.<\/li>\n<li>pred\u00e1vaj\u00facim osobne<\/li>\n<\/ol>\n<p>Za vybavenie objedn\u00e1vky sa pova\u017euje odoslanie tovaru pred\u00e1vaj\u00facim na adresu z\u00e1kazn\u00edka. Z\u00e1sielka s tovarom v\u017edy obsahuje da\u0148ov\u00fd doklad (doklad o k\u00fape tovaru).<\/p>\n<p>&nbsp;<\/p>\n<p><strong>Platobn\u00e9 podmienky<\/strong><\/p>\n<p>&nbsp;<\/p>\n<p><strong><u>Prepravn\u00e9<\/u><\/strong> &#8211; pred\u00e1vaj\u00faci \u00fa\u010dtuje k tovaru prepravn\u00e9, ktor\u00e9ho v\u00fd\u0161ka z\u00e1vis\u00ed od ve\u013ekosti a hmotnosti zasielan\u00e9ho tovaru. V\u00fd\u0161ka prepravn\u00e9ho sa pohybuje v z\u00e1vislosti na po\u010dte bal\u00edkov a ich hmotnosti . Pri nadrozmern\u00fdch alebo \u0165a\u017ek\u00fdch z\u00e1sielkach m\u00f4\u017ee by\u0165 v\u00fd\u0161ka prepravn\u00e9ho vy\u0161\u0161ia.<\/p>\n<p><strong><u>Sp\u00f4sob platby<\/u><\/strong><strong>\u00a0 &#8211; p<\/strong>latbu za tovar je mo\u017en\u00e9 realizova\u0165 nasledovn\u00fdmi sp\u00f4sobmi, pri\u010dom sp\u00f4sob platby si z\u00e1kazn\u00edk zvol\u00ed pri odosielan\u00ed objedn\u00e1vky:<\/p>\n<p>&nbsp;<\/p>\n<ol>\n<li>a) Prevodn\u00fdm pr\u00edkazom \u2013 na fakt\u00faru s ur\u010ditou splatnos\u0165ou (t\u00e1to mo\u017enos\u0165 je ur\u010den\u00e1 len pre st\u00e1lych odberate\u013eov, pr\u00edp. po osobnej dohode medzi pred\u00e1vaj\u00facim a z\u00e1kazn\u00edkom).<\/li>\n<li>b) Dobierkou \u2013 platba pri prevzat\u00ed tovaru.<\/li>\n<\/ol>\n<p>&nbsp;<\/p>\n<p><strong>\u00a0<\/strong><\/p>\n<p><strong>Z\u00e1ru\u010dn\u00e9 a reklama\u010dn\u00e9 podmienky<\/strong><\/p>\n<p>Na v\u0161etok pred\u00e1van\u00fd tovar sa poskytuje z\u00e1ru\u010dn\u00e1 doba 24 mesiacov. \u00a0Reklam\u00e1cia sa uplat\u0148uje v s\u00eddle pred\u00e1vaj\u00faceho.<\/p>\n<p>&nbsp;<\/p>\n<p>Reklam\u00e1cia tovaru \u2013 z\u00e1kazn\u00edk presne ozna\u010d\u00ed vady tovaru v s\u00falade s ustanoveniami\u00a0 Z\u00e1kona o ochrane spotrebite\u013ea. Po vybaven\u00ed reklam\u00e1cie predajca informuje kupuj\u00faceho formou elektronickej po\u0161ty a z\u00e1rove\u0148 kupuj\u00facemu doru\u010d\u00ed e-mailom alebo doporu\u010denou po\u0161tou\u00a0 p\u00edsomn\u00fd doklad o vybaven\u00ed reklam\u00e1cie, najnesk\u00f4r do 30 dn\u00ed odo d\u0148a uplatnenia reklam\u00e1cie.<\/p>\n<p>&nbsp;<\/p>\n<p>Z\u00e1kazn\u00edk je povinn\u00fd:<\/p>\n<ol>\n<li>a) skontrolova\u0165 si tovar ihne\u010f pri prevzat\u00ed. Ak tovar vykazuje zjavn\u00e9 chyby, t.j. najm\u00e4 ak je tovar z\u00e1kazn\u00edkovi predan\u00fd v po\u0161kodenom transportnom obale, je z\u00e1kazn\u00edk opr\u00e1vnen\u00fd tovar neprevza\u0165. V takom pr\u00edpade zost\u00e1va zachovan\u00fd n\u00e1rok z\u00e1kazn\u00edka na poskytnutie riadneho plnenia pred\u00e1vaj\u00facim alebo na vr\u00e1tenie k\u00fapnej ceny pod\u013ea zvolenia z\u00e1kazn\u00edka.<\/li>\n<li>b) uplatni\u0165 reklam\u00e1ciu u pred\u00e1vaj\u00faceho neodkladne po zisten\u00ed z\u00e1vady,<\/li>\n<li>c) doru\u010di\u0165 pred\u00e1vaj\u00facemu reklamovan\u00fd tovar \u010dist\u00fd, vr\u00e1tane pr\u00edslu\u0161enstva (pokia\u013e si to vy\u017eaduje povaha z\u00e1vady) a ak je to mo\u017en\u00e9, aj vr\u00e1tane origin\u00e1l obalu,<\/li>\n<li>d) spolu s reklamovan\u00fdm tovarom predlo\u017ei\u0165 pred\u00e1vaj\u00facemu aj reklama\u010dn\u00fd l\u00edstok a doklad o k\u00fape z\u00e1kazn\u00edka; na reklama\u010dnom l\u00edstku podrobne \u0161pecifikova\u0165 reklamovan\u00fa vadu.<\/li>\n<\/ol>\n<p>&nbsp;<\/p>\n<p>&nbsp;<\/p>\n<p>&nbsp;<\/p>\n<p>Pred\u00e1vaj\u00faci je povinn\u00fd:<\/p>\n<ol>\n<li>a) d\u013a\u017eka z\u00e1ru\u010dnej doby sa riadi platn\u00fdmi ustanoveniami Z\u00e1kona, trv\u00e1 teda 24 mesiacov, \u00a0s v\u00fdnimkami stanoven\u00fdmi Z\u00e1konom,<\/li>\n<li>b) vybavi\u0165 reklam\u00e1ciu pred\u00e1vaj\u00faceho v lehote 30 dn\u00ed odo d\u0148a prevzatia reklam\u00e1cie,<\/li>\n<li>c) v z\u00e1ru\u010dnej dobe bezplatne odstr\u00e1ni\u0165 v\u0161etky vady sp\u00f4soben\u00e9 v\u00fdrobnou chybou alebo zl\u00fdm materi\u00e1lom.<\/li>\n<\/ol>\n<p>Pred\u00e1vaj\u00faci rozhodne o reklam\u00e1cii ihne\u010f, v zlo\u017eit\u00fdch pr\u00edpadoch do 3 pracovn\u00fdch dn\u00ed. V od\u00f4vodnen\u00fdch pr\u00edpadoch, najm\u00e4 ak sa vy\u017eaduje zlo\u017eit\u00e9 technick\u00e9 zhodnotenie stavu v\u00fdrobku, najnesk\u00f4r do 30 dn\u00ed odo d\u0148a uplatnenia reklam\u00e1cie. Po uplynut\u00ed tejto lehoty m\u00e1 spotrebite\u013e pr\u00e1vo od zmluvy odst\u00fapi\u0165 alebo m\u00e1 pr\u00e1vo na v\u00fdmenu v\u00fdrobku za nov\u00fd v\u00fdrobok.<\/p>\n<p>Pred\u00e1vaj\u00faci je povinn\u00fd vybavi\u0165 reklam\u00e1ciu a ukon\u010di\u0165 reklama\u010dn\u00e9 konanie jedn\u00fdm z nasleduj\u00facich sp\u00f4sobov:<br \/>\na) odovzdan\u00edm opraven\u00e9ho tovaru,<br \/>\nb) v\u00fdmenou tovar<br \/>\nc) vr\u00e1ten\u00edm k\u00fapnej ceny tovaru,<br \/>\nd) vyplaten\u00edm primeranej z\u013eavy z ceny tovaru,<br \/>\ne) od\u00f4vodnen\u00fdm zamietnut\u00edm reklam\u00e1cie tovaru.<\/p>\n<p>&nbsp;<\/p>\n<p>Pr\u00e1va zo z\u00e1ruky sa nevz\u0165ahuj\u00fa na vady sp\u00f4soben\u00e9:<\/p>\n<p>&nbsp;<\/p>\n<ol>\n<li>be\u017en\u00fdm opotreben\u00edm v d\u00f4sledku obvykl\u00e9ho u\u017e\u00edvania,<\/li>\n<li>mechanick\u00fdm po\u0161koden\u00edm tovaru z\u00e1kazn\u00edkom,<\/li>\n<li>pou\u017e\u00edvanie tovaru v nezodpovedaj\u00facich, resp. nevhodn\u00fdch podmienkach,<\/li>\n<li>neodborn\u00fdm z\u00e1sahom neopr\u00e1vnenej osoby a neodborn\u00e9 zaobch\u00e1dzanie,<\/li>\n<li>zanedbanie starostlivosti o tovar,<\/li>\n<li>neodborn\u00fa mont\u00e1\u017e,<\/li>\n<li>nespr\u00e1vnu manipul\u00e1ciu a pou\u017e\u00edvanie tovaru, \u010di nevhodn\u00e9 umiestnenie tovaru,<\/li>\n<li>nespr\u00e1vne o\u0161etrovanie tovaru, neodborn\u00e1 in\u0161tal\u00e1cia, nespr\u00e1vne zaobch\u00e1dzanie,<\/li>\n<li>neodvratnou udalos\u0165ou, \u017eivelnou pohromou.<\/li>\n<\/ol>\n<p>&nbsp;<\/p>\n<p>Opr\u00e1vnenie na bezplatn\u00fa z\u00e1ru\u010dn\u00fa opravu zanik\u00e1 aj v pr\u00edpade neodbornej mont\u00e1\u017ee, neodborn\u00e9ho uvedenia tovaru do prev\u00e1dzky, neodbornej manipul\u00e1cii s tovarom alebo ak\u00e9hoko\u013evek neodborn\u00e9ho z\u00e1sahu do tovaru po\u010das z\u00e1ru\u010dnej doby inou ako opr\u00e1vnenou osobou. Pred\u00e1vaj\u00faci si z\u00e1rove\u0148 vyhradzuje pr\u00e1vo nevraca\u0165 za tak\u00fdto tovar peniaze a pr\u00e1vo nezameni\u0165 ho za in\u00fd tovar. V\u0161etky z\u00e1ru\u010dn\u00e9 opravy s\u00fa v pr\u00edpade, ak do \u010dasu ich uplatnenia nezanikol n\u00e1rok na uplatnenie z\u00e1ruky pod\u013ea predch\u00e1dzaj\u00faceho bodu bezplatn\u00e9.<\/p>\n<p>&nbsp;<\/p>\n<p>Z\u00e1ru\u010dn\u00e1 doba sa predl\u017euje o dobu, po\u010das ktorej bol v\u00fdrobok v oprave.<\/p>\n<p>&nbsp;<\/p>\n<p>Pokia\u013e bude v r\u00e1mci reklam\u00e1cie zisten\u00e1 z\u00e1vada, ktor\u00e1 do z\u00e1ruky nespad\u00e1, uhrad\u00ed n\u00e1klady na jej odstr\u00e1nenie z\u00e1kazn\u00edk.<\/p>\n<p>&nbsp;<\/p>\n<p><strong>\u00a0<\/strong><\/p>\n<p><strong>Odst\u00fapenie od zmluvy<\/strong><\/p>\n<p>&nbsp;<\/p>\n<p>Z\u00e1kazn\u00edk je opr\u00e1vnen\u00fd odst\u00fapi\u0165 od zmluvy vo v\u0161etk\u00fdch pr\u00edpadoch stanoven\u00fdch Z\u00e1konom. Odst\u00fapenie je vo\u010di pred\u00e1vaj\u00facemu \u00fa\u010dinn\u00e9 od okamihu, ke\u010f je mu doru\u010den\u00e9 p\u00edsomn\u00e9 prehl\u00e1senie z\u00e1kazn\u00edka o odst\u00fapen\u00ed od zmluvy.<\/p>\n<p>V pr\u00edpade odst\u00fapenia od zmluvy, sa zmluva od po\u010diatku ru\u0161\u00ed a zmluvn\u00e9 strany s\u00fa povinn\u00e9 vr\u00e1ti\u0165 v\u0161etko, \u010do si na jej z\u00e1klade poskytli.<\/p>\n<p>&nbsp;<\/p>\n<p>Tieto VOP nadob\u00fadaj\u00fa \u00fa\u010dinnos\u0165 d\u0148om 25.5.2018<\/p>\n<p>&nbsp;<\/p>\n<p>&nbsp;<\/p>\n<p>&nbsp;<\/p>\n","protected":false},"excerpt":{"rendered":"<p>V\u0161eobecn\u00e9 obchodn\u00e9 podmienky\u00a0 (VOP) &nbsp; KARZOSPOL s.r.o. I\u010cO: 34 153 136 so s\u00eddlom Radlinsk\u00e9ho 1559\/25, Pie\u0161\u0165any, PS\u010c 921 01 Spolo\u010dnos\u0165 zap\u00edsan\u00e1 v Obchodnom registri Okresn\u00e9ho s\u00fadu Trnava Konate\u013e spolo\u010dnosti Zolt\u00e1n Karp\u00e1ty (\u010falej len poskytovate\u013e) \u00davod &nbsp; Dom\u00e9na www.karzo.sk je ur\u010den\u00e1 z\u00e1kazn\u00edkom \u0161portov\u00e9ho tovaru. Sl\u00fa\u017ei ako zdroj inform\u00e1ci\u00ed o tovare nach\u00e1dzaj\u00facom sa v portf\u00f3liu firmy KARZOSPOL [&hellip;]<\/p>\n","protected":false},"author":1,"featured_media":0,"parent":0,"menu_order":0,"comment_status":"closed","ping_status":"closed","template":"templates\/template-full.php","meta":{"footnotes":""},"class_list":["post-506","page","type-page","status-publish","hentry"],"_links":{"self":[{"href":"https:\/\/www.karzo.sk\/index.php?rest_route=\/wp\/v2\/pages\/506"}],"collection":[{"href":"https:\/\/www.karzo.sk\/index.php?rest_route=\/wp\/v2\/pages"}],"about":[{"href":"https:\/\/www.karzo.sk\/index.php?rest_route=\/wp\/v2\/types\/page"}],"author":[{"embeddable":true,"href":"https:\/\/www.karzo.sk\/index.php?rest_route=\/wp\/v2\/users\/1"}],"replies":[{"embeddable":true,"href":"https:\/\/www.karzo.sk\/index.php?rest_route=%2Fwp%2Fv2%2Fcomments&post=506"}],"version-history":[{"count":6,"href":"https:\/\/www.karzo.sk\/index.php?rest_route=\/wp\/v2\/pages\/506\/revisions"}],"predecessor-version":[{"id":589,"href":"https:\/\/www.karzo.sk\/index.php?rest_route=\/wp\/v2\/pages\/506\/revisions\/589"}],"wp:attachment":[{"href":"https:\/\/www.karzo.sk\/index.php?rest_route=%2Fwp%2Fv2%2Fmedia&parent=506"}],"curies":[{"name":"wp","href":"https:\/\/api.w.org\/{rel}","templated":true}]}}